{"id":137,"date":"2013-03-11T23:02:11","date_gmt":"2013-03-11T23:02:11","guid":{"rendered":"http:\/\/livingartspace.martinheine.com\/?page_id=137"},"modified":"2019-11-05T16:27:18","modified_gmt":"2019-11-05T16:27:18","slug":"biography","status":"publish","type":"page","link":"https:\/\/la-studios.de\/?page_id=137","title":{"rendered":"about martin heine"},"content":{"rendered":"<p>&nbsp;<\/p>\n<p>Martin Heine was born January 30, 1966 in Stuttgart Germany. After he received an associates degree in electronic circuit design at University Stuttgart, he studied electrical engineering at Reutlingen University. To finance college, he worked as a light- and Laser Jockey at night in dance clubs and programmed shows for exhibitions. The German television station Tele5 did an interview with him and rated him as one of the top ten Laser-show artists in Europe. After he graduated college, he immigrated into the USA to do engineering- and design work for an antenna manufacturer in Dayton Ohio and received several design patents. After his Mom died of cancer, he returned to Germany. His marriage with his American spouse didn&#8217;t last very long and after a seven years job at ZDF (Zweites Deutsches Fernsehen, a major German TV broadcast company), he went back to college at Reutlingen University to get a Masters Degree in Computer Based Engineering. In 2004, he moved back to the U.S. His passion f\u00c3\u00bcr Art and Design, combined with his engineering expertise builds the perfect base to create and innovate way beyond art and design. On top of media productions, he develops seats for automotive, Center-Consoles, Cup-holder, Navigation Interfaces including antennas (like the well known BMW Shark Fin) and did countless other successful design work for Porsche, Mercedes Benz, Honda, Chrysler, Kodak, Hirschmann, Laird Technologies, Trane\/American-Standards, Audiovox, and others. His invention &#8216;Floranium&#8217;, a unique device which senses signals from green plants and turns t<img loading=\"lazy\" decoding=\"async\" class=\"size-medium wp-image-749 alignleft\" src=\"http:\/\/livingartspace.martinheine.com\/wp-content\/uploads\/2019\/11\/diabloDelFuegoMaking01Web-225x300.jpg\" alt=\"\" width=\"225\" height=\"300\" srcset=\"https:\/\/la-studios.de\/wp-content\/uploads\/2019\/11\/diabloDelFuegoMaking01Web-225x300.jpg 225w, https:\/\/la-studios.de\/wp-content\/uploads\/2019\/11\/diabloDelFuegoMaking01Web-768x1024.jpg 768w, https:\/\/la-studios.de\/wp-content\/uploads\/2019\/11\/diabloDelFuegoMaking01Web.jpg 1125w\" sizes=\"auto, (max-width: 225px) 100vw, 225px\" \/>hem into a colorful play of light, gained attention world wide. Another project he was part of development for a textile science center, has won the OTTO VON GUERIQUE German science award. But most people know Martin Heine through his very unique paintings on canvas and human bodies. With exhibitions in the Unites States, Dubai, Germany Austria and Italy, he gained tremendous popularity within the last view years. His very unique and recognizable style reminds of organic architectures, slightly abstract but surrealistic compositions of flowing fire, exotic plants, jelly fish and calamari-like fantasy creatures. His paintings are believed not from this world. The more intense Heine&#8217;s paintings are looked at, the more deep the view into a fascinating world of fantastic creatures in turbulent fluids, interacting with each other in the flow of total dynamics. Dreams are being created and emotions set free. In a world of modern art which has not been seen ever before.<\/p>\n<p style=\"text-align: justify;\">Martin Heine wurde am 30. Januar 1966 in Stuttgart geboren. Nach Abschluss einer Lehre als Feinger\u00e4teelektroniker an der Universit\u00e4t Stuttgart studierte er Elektronik an der Fachhochschule Reutlingen. Sein Studium finanzierte er mit Lasershows in Diskotheken und auf Veranstaltungen. Der Fernsehsender Tele5, von dem er interviewt wurde, ernannte ihn als einer der Top-ten Laser- und Licht-Jockeys in Europa. Gleich nach dem Studium wanderte er 1995 in die USA aus. In Dayton Ohio erlangte er 5 Patente und designte Antennen und und ergonomische Mobilfunk Fahrzeug-Halterungen f\u00fcr einen US Automotive Zulieferer. Nach dem Tod seiner Mutter zog es ihn erst wieder in die Heimat nach Deutschland zur\u00fcck. Die Ehe mit einer Amerikanerin scheiterte nach relativ kurzer Zeit und nach mehrj\u00e4hriger Mitarbeit beim ZDF (Zweites Deutschen Fernsehen) als Licht und Medien Techniker, absolvierte er ein Master Aufbaustudium in Computer Based Engineering an der Fachhochschule Reutlingen. 2004 wechselte seinen Wohnsitz wieder in die USA. Seinen Hang zur Kunst und Malerei seit Kindheit an, zusammen mit den Ausbildungen im Design und Ingenieurswesen bildeten ideale Voraussetzungen zum Erschaffen \u00fcber das pure Design hinaus. So entstanden neben Media Pr\u00e4sentationen auch ergonomische sportliche Fahrzeugsitze, Mittel-Konsolen, Cupholder, Navigantions Antennensysteme (wie beispielsweise die bekannte BMW Haifischflosse) und zahlreiche weitere erfolgreiche Produkte f\u00fcr namhafte Firmen wie Porsche, Mercedes Benz, Honda, Chrysler, Kodak, Hirschmann, Laird Technologies, Trane \/ American Standards, Audiovox und viele mehr. Das \u201eFloranium\u201c ein einzigartiges Lichtprojekt, das mit Hilfe eines speziell entwickeltem Biosignalverst\u00e4rkers, organische Signale in ein Licht-Farbenspiel umwandelt und somit eine Art bio-interaktive Kunst darstellt, hat sich zum Kult entwickelt. Eines seiner Projekte im Textilbereich hat den renommierten deutschen Forschungspreis &#8216;Otto von Guericke&#8217; erhalten. Bekannt geworden ist Heine aber vor allem durch seine Malereien auf Leinwand und K\u00f6rper. Mit Ausstellungen in den USA, Dubai, Deutschland, \u00d6sterreich und Italien hat die Popularit\u00e4t seiner Kunstwerke hat vor allem in den letzten Jahren stark zugenommen. Der sehr eigene, einfach wiedererkennbare Stil erinnert an organisch anmutende Architekturen, leicht abstrakter aber doch surrealistischer Kompositionen aus flie\u00dfendem Feuer, Schlingpflanzen, Quallen und polypenartigen Fantasiewesen, entweder aus den Tiefen der Ozeane oder den Nebeln ferner Galaxien. Man denkt, die Bilder seien nicht von dieser Welt. Je intensiver man diese Malereien betrachtet, umso tiefer dringt man ein in eine Welt faszinierender Wesen in turbulenten Fl\u00fcssigkeiten die im Fluss der Gesamtdynamik miteinander interagieren. Es werden Gef\u00fchle hervorgerufen, Fantasien erweckt und Emotionen freigesetzt; in einer bis dato noch nie da gewesenen Form moderner Kunst.<\/p>\n","protected":false},"excerpt":{"rendered":"<p>&nbsp; Martin Heine was born January 30, 1966 in Stuttgart Germany. After he received an associates degree in electronic circuit design at University Stuttgart, he studied electrical engineering at Reutlingen University. To finance college, he worked as a light- and Laser Jockey at night in <span class=\"read-more\"><a class=\"more-link btn btn-transparent\" href=\"https:\/\/la-studios.de\/?page_id=137\">Read More &#8230;<\/a><\/span><\/p>\n","protected":false},"author":1,"featured_media":740,"parent":0,"menu_order":0,"comment_status":"closed","ping_status":"closed","template":"","meta":{"footnotes":""},"class_list":["post-137","page","type-page","status-publish","has-post-thumbnail","hentry"],"_links":{"self":[{"href":"https:\/\/la-studios.de\/index.php?rest_route=\/wp\/v2\/pages\/137","targetHints":{"allow":["GET"]}}],"collection":[{"href":"https:\/\/la-studios.de\/index.php?rest_route=\/wp\/v2\/pages"}],"about":[{"href":"https:\/\/la-studios.de\/index.php?rest_route=\/wp\/v2\/types\/page"}],"author":[{"embeddable":true,"href":"https:\/\/la-studios.de\/index.php?rest_route=\/wp\/v2\/users\/1"}],"replies":[{"embeddable":true,"href":"https:\/\/la-studios.de\/index.php?rest_route=%2Fwp%2Fv2%2Fcomments&post=137"}],"version-history":[{"count":19,"href":"https:\/\/la-studios.de\/index.php?rest_route=\/wp\/v2\/pages\/137\/revisions"}],"predecessor-version":[{"id":762,"href":"https:\/\/la-studios.de\/index.php?rest_route=\/wp\/v2\/pages\/137\/revisions\/762"}],"wp:featuredmedia":[{"embeddable":true,"href":"https:\/\/la-studios.de\/index.php?rest_route=\/wp\/v2\/media\/740"}],"wp:attachment":[{"href":"https:\/\/la-studios.de\/index.php?rest_route=%2Fwp%2Fv2%2Fmedia&parent=137"}],"curies":[{"name":"wp","href":"https:\/\/api.w.org\/{rel}","templated":true}]}}